 -3*g + 47 = -0*g + 4*s. Suppose 9 = 2*l - g. What is the remainder when 42 is divided by l?
12
Let c(o) = 4*o**2 - 2*o. What is the remainder when 218 is divided by c(-2)?
18
Let o = -56 + 168. Calculate the remainder when o is divided by 33.
13
Suppose -5*a + 21 = -24. Calculate the remainder when 14 is divided by a.
5
Let q(h) = 5*h**2 - 2*h + 4. What is the remainder when 57 is divided by q(2)?
17
Let a = 70 + -44. What is the remainder when 76 is divided by a?
24
Let c = 8 + -33. Let q = -8 - c. Calculate the remainder when 31 is divided by q.
14
Let a be 2 + -1 - (-2 - 1). Suppose 80 = a*h + h. Calculate the remainder when h is divided by 9.
7
Let w = -7 + 28. Let i(l) = 6*l**2 + 62 - 3*l**2 - 2*l**2. Calculate the remainder when i(0) is divided by w.
20
Suppose 2*y + 8 = 0, 5*t + 0*t - y = 24. Suppose t*w + 177 = 7*w. What is the remainder when w is divided by 20?
19
Suppose 0 = -2*m + m + 12. Suppose -n - m = -4*n. Suppose -3*c = 2*c - 35. What is the remainder when c is divided by n?
3
Let r(v) = 10*v**3 - 2*v + 1. Suppose 3*w - 5*w = 0. Suppose h = -w*h + 1. What is the remainder when r(h) is divided by 6?
3
Suppose -2*m + 26 = 5*a, 15*m - 19*m + 5*a - 8 = 0. Calculate the remainder when 3 is divided by m.
0
Let l = 0 - 1. Suppose -3*t + m = -8*t - 17, -10 = 4*t - m. Let u = l - t. What is the remainder when 5 is divided by u?
1
Let p = 20 - 30. Let o(y) = -y**3 - y + 4. Let c be o(0). Let b = c - p. Calculate the remainder when b is divided by 5.
4
Suppose -68 = -3*i - i. Calculate the remainder when i is divided by 6.
5
Let q = -10 - -15. Suppose -28 = -3*c + q. Suppose -z + 4*s = 2*s - 10, 5*z = 2*s + 26. Calculate the remainder when c is divided by z.
3
Suppose 4*w - w = 30. Let z = -1 + 1. Suppose 0 = -z*k - k + 28. Calculate the remainder when k is divided by w.
8
Suppose -6*r + 2*r + 16 = 0. Suppose r*q - 36 = q. Let l = q - -2. What is the remainder when 41 is divided by l?
13
Let o = 26 + -15. What is the remainder when 41 is divided by o?
8
Suppose -6*k + k - 3*p + 9 = 0, 2*k + 4*p = 12. Let r = 5 - k. Calculate the remainder when r is divided by 2.
1
Suppose -3*q + 45 = 2*q. Suppose 7 = 3*s - 11. What is the remainder when q is divided by s?
3
Let u = -364 + 579. What is the remainder when u is divided by 44?
39
Suppose 0 = 2*g - 19 - 5. Calculate the remainder when 57 is divided by g.
9
Let v = -64 - -91. What is the remainder when v is divided by 3?
0
Let r = 3 + 1. Suppose 0 = r*j - 1 - 19. What is the remainder when j is divided by 4?
1
Suppose -m - 3 = t, -3*t = t + 20. Calculate the remainder when 15 is divided by (-245)/(-30) - m/12.
7
Let p(y) = 24*y - 5. Calculate the remainder when p(4) is divided by (-2)/2 + 1 + 1240/40.
29
Let i(g) = -g**3 + 13*g**2 - 6*g + 18. Let y be i(13). Let z be ((-4)/(-6))/((-8)/y). Suppose z*b - 4*b = 44. What is the remainder when b is divided by 15?
14
Suppose 34*i - 879 = 1331. Let m(u) = u**2 - 5*u - 3. Calculate the remainder when i is divided by m(-4).
32
Suppose -8*i = -5*i - 537. Calculate the remainder when i is divided by 26.
23
Suppose 3 = -3*s + 30. Let t = s - 2. Suppose -4*v + 5*c + 7 = 0, -4*v + 17 = 3*c + 2*c. What is the remainder when t is divided by v?
1
Suppose 3*w = 6 + 12. What is the remainder when 21 is divided by w?
3
Suppose 4*i = v + 130, 4*v + 8 = -0*v. Let w(x) = 4*x**2 + 2*x - 3. Calculate the remainder when i is divided by w(2).
15
Suppose 3*i - 25 = 4*i. Let w = -17 - i. Calculate the remainder when 30 is divided by w.
6
Suppose 55*p + 48 = 59*p - 4*w, 36 = 3*p - 4*w. Suppose 3*c = -96 - 312. What is the remainder when c/(-6)*3/2 is divided by p?
10
Let l = -5 + 4. Let j be (1 + -3)/(0 + l). Suppose -j*w = -3*w + 16. What is the remainder when 47 is divided by w?
15
Suppose 50 = -0*r + 2*r. Let n(d) = d**2 - 5*d - 4. Let s be n(-3). Suppose -4*j + 43 = b + 6, -2*b + s = 2*j. What is the remainder when r is divided by j?
7
Let i(f) be the third derivative of -f**4/24 - 4*f**2. Calculate the remainder when i(-5) is divided by 3.
2
Let r = 21 - 14. Let m = -31 + 56. Calculate the remainder when m is divided by r.
4
Let p be 6 - (3 + -1) - -3. Let i(o) = 4*o - 12. What is the remainder when i(p) is divided by 6?
4
Suppose 0 = 3*d + 4*o - 75, -d + 0*o = -o - 18. Calculate the remainder when 61 is divided by d.
19
Suppose -2*m = -3*o + 55, 2*o - 2*m = -0*m + 38. Let z = 36 - o. What is the remainder when z is divided by 7?
5
Let r = -11 - -23. What is the remainder when r is divided by 8?
4
Suppose -v - 2*v + 87 = 5*d, 4*d + 4*v = 68. Let h(u) = u**2 + 8*u - 33. What is the remainder when h(-14) is divided by d?
15
Let n = 50 + 9. What is the remainder when n is divided by 19?
2
Let c be (-1)/6 - (-62)/12. Let w(m) = -m**2 + 6*m - 3. Let g be w(c). Suppose -124 = -2*d - g*d. Calculate the remainder when d is divided by 16.
15
Calculate the remainder when 129 is divided by 3 - 12/4 - -26.
25
Let n = 0 - -10. What is the remainder when n is divided by 4?
2
Let d(n) = 4*n**3 + n**2 - 2*n + 2. Let x = 11 - 18. Let f = 25 + x. Calculate the remainder when d(2) is divided by f.
16
Suppose 0 = -3*n - 4*y - 8, 0 = n + 2*n - 5*y - 37. Calculate the remainder when 29 is divided by (-3)/(-4) - (-57)/n.
14
Suppose 0*n = 2*n - 10. Let w = n - 4. Let g(p) = 26*p**2. Calculate the remainder when g(w) is divided by 9.
8
Suppose 0*o + o + h + 8 = 0, 3*h = o - 12. Let z(b) = 3*b**2 - 3. Calculate the remainder when 46 is divided by z(o).
22
Suppose 3*r + 0*r - 9 = 0. Calculate the remainder when r is divided by (-12)/2*(-4)/12.
1
Suppose i = 3*k - 56 - 20, -i + 80 = 3*k. What is the remainder when k is divided by 16?
10
Suppose -25 = -4*t + m + 7, 3*t - 1 = -5*m. Calculate the remainder when 9 is divided by t.
2
Suppose 4*f = -p + 2*p + 79, -10 = -f - 3*p. Let c(r) = 6*r**3 - 1. Calculate the remainder when f is divided by c(1).
4
Suppose -5*c + 21 = 4*d, 2*d + 3*d - 17 = 3*c. Suppose -3*q + d + 11 = 0. Calculate the remainder when 7 is divided by q.
2
Suppose -2*t + 9 = -5. Let f(m) be the third derivative of 13*m**5/30 + m**4/12 - m**3/6 + 6*m**2. Calculate the remainder when f(1) is divided by t.
6
Let l be (-38)/(-6) + (-2)/6. Let a(h) = 7*h - 7. Let j(t) = t**2 - 2*t - 3. Calculate the remainder when a(l) is divided by j(-3).
11
Suppose -5*d = -102 - 28. Let x be 2/(-6) - 228/(-9). Suppose -2*v - 6 = 2*y - 28, 0 = 2*y + v - x. Calculate the remainder when d is divided by y.
12
Suppose -5*d + 8 = -47. Let m = -14 - -35. Calculate the remainder when m is divided by d.
10
Suppose 77 = 7*w - 6*w. What is the remainder when w is divided by 20?
17
Let g(j) = -15*j**3. Let o be g(-1). Let f(d) = -d**3 + 7*d**2 - 6*d + 6. What is the remainder when (o/(-4))/(3/(-12)) is divided by f(6)?
3
Suppose -3*v - t = -4*t - 27, -2*v + 4*t + 14 = 0. What is the remainder when (v/(-3))/((-1)/6) is divided by 6?
4
Suppose -4 = -3*m + 2. Let a be 3*(-1 + (-8)/(-3)). Suppose 0 = 3*t - 7*t - 5*x + 23, a*t = 3*x + 1. Calculate the remainder when m is divided by t.
0
Suppose 3 + 3 = h - b, 0 = 4*b + 20. Calculate the remainder when 52 is divided by (21/6 + h)*4.
16
Let b be (-18)/(-15)*30/9. What is the remainder when (-8)/20 + (-112)/(-5) is divided by (-6)/b*(-80)/15?
6
Suppose 3*y = -5*k + 53, 38 = 2*y + 4*k - 0*k. Calculate the remainder when y is divided by (-1 - -3) + (-2 - -6).
5
What is the remainder when ((-12)/9)/1*222/(-4) is divided by 15?
14
Suppose 148 = 3*y - i - 416, 555 = 3*y + 2*i. What is the remainder when y is divided by 47?
46
Let g = -40 + 80. Calculate the remainder when g is divided by 14.
12
Let v(x) = x**3 - 2*x**2 + 8*x - 4. Calculate the remainder when v(4) is divided by 16.
12
Suppose -20 = 3*h - 110. Suppose 0 - h = -5*o. Let p(a) = a**3 + 5*a**2 - 8*a + 5. Calculate the remainder when p(-6) is divided by o.
5
Let u = -25 + 58. What is the remainder when u is divided by 18?
15
Let f = 88 + 33. Let z = f + -75. Suppose -2 = w, -4*c + 34 + z = -2*w. What is the remainder when 55 is divided by c?
17
Let n be -18*1/2*-2. Suppose 35 = s - n. Suppose -72 = -4*i - 2*d, -d - 18 = 2*i - 3*i. What is the remainder when s is divided by i?
17
Let a = 79 + -62. Calculate the remainder when 60 is divided by a.
9
Let c(p) = p**3 + 12*p**2 - 2*p - 6. Calculate the remainder when